
Let y = 11126 - 11065. What is the remainder when 149 is divided by y?
27
Let i(u) = -8*u**2 + 61*u + 167. Let m(l) = 11*l**2 - 91*l - 251. Let g(y) = -7*i(y) - 5*m(y). What is the remainder when g(-30) is divided by 31?
22
Suppose -5 = -3*h - 4*x, -3*h + 5*x + 2 = -4*h. Suppose -21 = -3*q - 3*c, -2*q + c - 23 + 22 = 0. Calculate the remainder when h is divided by q.
1
Calculate the remainder when ((-1 + 2)*-4)/((-27)/1080) is divided by 140.
20
Suppose 86*n = -114*n - 5*n + 194955. What is the remainder when n is divided by 64?
55
Let y(j) = j**3 + 4*j**2 - 21*j - 4. Let b be y(-7). Calculate the remainder when 111 is divided by (b/30)/((-11)/(-528))*-5.
15
Let m(w) = 947*w**2 - 6*w - 4. Calculate the remainder when m(1) is divided by 10.
7
Let z(i) = -4*i - 50. Let p be z(-13). What is the remainder when (-4 - -15 - 8)/(p/62) is divided by 33?
27
Calculate the remainder when 1 + 40 - (17 + -12) is divided by 28.
8
Suppose -p + 4 = 0, -2*p + 86 = 4*y + 2. Suppose -o = -12 - y. Suppose -421 + o = -6*j. What is the remainder when j is divided by 17?
14
Let v = 21 - 17. Let a = 7 + v. Suppose 0 = -a*t + 7*t + 136. What is the remainder when 101 is divided by t?
33
Suppose 4*c = 0, -17 - 27 = -n + 3*c. Calculate the remainder when ((-516)/5)/(1548/(-1935)) is divided by n.
41
Let b be (10 + -14)*69/(-4). Let q = -29 + b. Let i = q + -32. Calculate the remainder when 21 is divided by i.
5
Calculate the remainder when 2872 is divided by (10 + -9)*-50*1*3/(-6).
22
Let g = -28 - -45. Let x = -7775 + 7859. What is the remainder when x is divided by g?
16
Suppose -70 = -3*q + 2*u + 11, 4*q - 94 = -2*u. What is the remainder when 2649 is divided by q?
24
Let i = -19613 - -20440. What is the remainder when i is divided by 240?
107
Suppose -5*t + 5*n + 7050 = 0, 0 = 2*t - 77*n + 81*n - 2796. Calculate the remainder when t is divided by 11.
9
Suppose 6 = -7*i - 1. Let f be (-1 + (-9)/i)*236/8. Suppose -v - 165 = -3*s, 4*s + 2*v + 2*v = f. What is the remainder when s is divided by 19?
18
Let d = 31 - 31. Suppose 0 = 3*a - d + 18. Let s(o) = -7*o - 6. What is the remainder when s(a) is divided by 14?
8
Let o(z) = -2*z + 40. Let y be o(17). Suppose -21*t + y*t = -690. Calculate the remainder when t is divided by 16.
14
Let f = 8062 + -8000. What is the remainder when 1038 is divided by f?
46
Suppose 2444*b - 2498*b = -13284. Calculate the remainder when 316 is divided by b.
70
Let t(l) = 90*l + 1882. What is the remainder when 1095 is divided by t(-19)?
63
Suppose -b = h - 11, -4*h + b + 934 - 870 = 0. Let r = 193 - 89. Calculate the remainder when r is divided by h.
14
Suppose -15*l = -l - 140. Let c(q) = q**2 + 4. Suppose -18 = y - 0*u + 2*u, 4*u = -20. Calculate the remainder when c(y) is divided by l.
8
Let r(j) = 13 - 53*j**2 - 47*j**2 + 104*j**2 + j**3 - 14*j. Let o = -45 - -64. What is the remainder when r(3) is divided by o?
15
Calculate the remainder when ((-3)/12)/(5/2) + (-491115)/(-150) is divided by 80.
74
Let t = -440 + 255. What is the remainder when 35 is divided by (-333)/t*(-1 - -11)?
17
Suppose 2*k - 142 = 288. What is the remainder when k is divided by (-68)/((-1904)/420)*(-1 + 4)?
35
Let q(o) = 6*o - 13. Let l = -4572 + 4775. Calculate the remainder when l is divided by q(9).
39
Let f(u) = 3*u**3 - 13*u**2 - 12*u - 115. What is the remainder when 1520 is divided by f(8)?
41
Let s = -11382 - -11526. Calculate the remainder when 11230 is divided by s.
142
Let a(d) = -3362*d - 104. What is the remainder when a(-2) is divided by 14?
12
Let i be -10*(1 - -5 - -2). Let v be 3*(1*(5 - 79))/2. Let w = i - v. Calculate the remainder when 61 is divided by w.
30
Let j(f) = -15*f - 68. Let m be j(-18). Let c = 248 - m. What is the remainder when 179 is divided by c?
41
Let i(u) = 4*u**2 + 13*u + 4. Let r be i(-3). Calculate the remainder when (3364/(-145))/(2*r/(-5)) is divided by 17.
7
Let y = 16573 - 16499. What is the remainder when 1054 is divided by y?
18
Let h(n) = -2*n**3 - 4*n**2 - 13*n - 3. Let f(y) = y**3 - 14*y**2 - 17*y + 27. Let i be f(15). Calculate the remainder when 206 is divided by h(i).
44
Suppose 2*o + g + 104 = 0, 2*o - g = -79 - 33. Let i = 120 + o. Calculate the remainder when i is divided by 18.
12
What is the remainder when (32/16)/(2/2212) is divided by 16?
4
Suppose 0 = 1063*r - 1038*r - 325. What is the remainder when 294 is divided by r?
8
Let y = -357 - -360. Suppose -517 = -3*v - y*n + 791, 1324 = 3*v - 5*n. What is the remainder when v is divided by 63?
60
Let v = -140 + 145. Suppose z + 51 = q, -4*q - v*z + 196 = -z. Calculate the remainder when 130 is divided by q.
30
Let a(p) = -2*p - 36. Let b be a(-18). Suppose 2*u - 39 = -5*m - u, 2*m - 2*u - 6 = b. Let j(q) = 5*q + 16. What is the remainder when j(m) is divided by 17?
12
Suppose -18*l + 45*l - 51237 = -5958. Calculate the remainder when l is divided by 41.
37
Let p(u) = -3*u**2 - 31*u + 47. Let j(x) = 12*x**2 + 3*x + 3. What is the remainder when p(0) is divided by j(-1)?
11
Let g(l) = 3*l**3 + 84*l**2 + 397*l - 31. What is the remainder when g(-21) is divided by 8?
5
Let h be -93*30/36 - (-6)/(-4). Let y = h - -176. Calculate the remainder when y is divided by 28.
13
Suppose 0 = -z + 4*r, 2*z - 3*r + 6 = 31. Suppose -31*c + z*c + 957 = 0. Calculate the remainder when c is divided by 69.
18
Let h = -170 - -170. What is the remainder when 191 is divided by 2 + h + (-18)/(-3)?
7
Let g(u) = u**3 + 13*u**2 + 87*u + 781. What is the remainder when 2506 is divided by g(-11)?
64
Let u be (36/42)/(-1 - 17/(-14)). Suppose -18 = -7*p + u*p. Suppose 0 = -p*d + 16 + 2. What is the remainder when 22 is divided by d?
1
Suppose 1539 - 9722 = -123*j + 7684. Calculate the remainder when 811 is divided by j.
37
Let v be 6/(-9)*(-42)/4. Let i(p) = -4*p - 19. Let f be i(-8). Suppose -v*n - 48 = -f*n. Calculate the remainder when 14 is divided by n.
6
Let s = -55 - -60. Suppose -5*h = 4*b - 88, s*b + 3*h + 18 = 115. Calculate the remainder when 97 is divided by b.
12
Let f(c) = c**3 - 8*c**2 + c + 62. Calculate the remainder when 3278 is divided by f(7).
18
Suppose 87*k - 91*k = c - 9244, 0 = -2*k + c + 4622. What is the remainder when k is divided by 4?
3
Let z(i) = 366*i + 2310. What is the remainder when 209 is divided by z(-6)?
95
Let d = -16904 + 16933. What is the remainder when 129 is divided by d?
13
Calculate the remainder when ((-60)/36)/(75/(-16155)) is divided by 348.
11
Suppose 762*c = 765*c - 45. Suppose q + c = 34. What is the remainder when 10/((-64)/(-30) - 2) is divided by q?
18
Calculate the remainder when 171 is divided by -11 + 4/2 - (671 + -706).
15
Let i be ((-20)/(-8))/(-1) - (-6)/4. Let z be i + (3/(-2))/(4/8). What is the remainder when 6*((-19)/(-2) + z) is divided by 12?
9
Suppose -40*u - 6*u + 28454 = -5*u. What is the remainder when u is divided by 684?
10
Let g(r) = -20*r**2 + 8*r + 38. Let t be g(-3). Let z = t - -394. What is the remainder when z is divided by 44?
8
Let y(w) be the first derivative of -w**4/4 - w**3/3 - 4*w**2 - 8*w - 174. What is the remainder when y(-4) is divided by 39?
33
Let w = -20 + 19. Let z = w - 38. Let n = 22 - z. Calculate the remainder when n is divided by 16.
13
Let f = -171 - -176. Let i(r) = -2*r - 8. Suppose 0 = 3*t + 26 + 4. Calculate the remainder when i(t) is divided by f.
2
Suppose -2*n - 8 = 0, -23*q - 220 = -19*q + n. Let k = q + 255. Calculate the remainder when k is divided by 42.
33
Let k(o) = 21*o + 141. Let y be 26/6 + 6/9. Let v(h) = -h**3 + 6*h**2 + 4*h - 2. Calculate the remainder when v(y) is divided by k(-6).
13
Suppose 10*a = 4*a + 162. Suppose 3*j - a = -15. Let h = 46 + -36. What is the remainder when h is divided by j?
2
Let a = 16 + 26. Let z = 10931 - 10768. Calculate the remainder when z is divided by a.
37
Let o(n) = n**3 - 6*n**2 - 4*n + 2. Suppose -1 = -2*s - 17. Let z be (-1 - 1)*28/s. Calculate the remainder when 66 is divided by o(z).
20
Suppose 12 - 32 = -5*n. Suppose -40 = -5*c - 5*s, 0*c - 5*s = -5*c + 40. Calculate the remainder when c is divided by 1 + n + -4 + 4.
3
What is the remainder when 2/(-7) - 1054/(-14) is divided by (2/13)/(2468/705848)?
31
Let n = 264 + -158. Suppose -27*b = 16*b - 1591. Calculate the remainder when n is divided by b.
32
Suppose -8*o + 4*o - 2*v - 2